In base 5, what is 4 + 1120124?
1120133
In base 12, what is 1a76 + 7?
1a81
In base 9, what is -28302 + -21?
-28323
In base 8, what is -1 + 2706444?
2706443
In base 16, what is -2 + -334a?
-334c
In base 12, what is 5507 - -118?
5623
In base 13, what is -49557 + -3?
-4955a
In base 9, what is -4 + -763856?
-763861
In base 2, what is 111101110100101 + 101?
111101110101010
In base 2, what is 10 + 110101100100110?
110101100101000
In base 14, what is -4b - -b6d?
b22
In base 5, what is 413 + 20422?
21340
In base 5, what is 223223 - -2403?
231131
In base 2, what is 101 - -10010000100100?
10010000101001
In base 5, what is 4 - 1103441?
-1103432
In base 10, what is -1813 - -1?
-1812
In base 7, what is -132 + 22041?
21606
In base 8, what is 25771 + 24?
26015
In base 5, what is -31 - -21010?
20424
In base 6, what is -315 - 242?
-1001
In base 12, what is -10 + 3a11b?
3a10b
In base 6, what is 302 + 120134?
120440
In base 4, what is -3123300022 - 1?
-3123300023
In base 10, what is 47747 + -2?
47745
In base 2, what is 10000111001010010000 + -11?
10000111001010001101
In base 9, what is -666324 + 0?
-666324
In base 15, what is -3 + -27708?
-2770b
In base 12, what is -4 - b9719?
-b9721
In base 6, what is -1 + -30354?
-30355
In base 2, what is 101110100101011101010 + -101?
101110100101011100101
In base 5, what is 11 + 1101134?
1101200
In base 15, what is -5583c - 4?
-55841
In base 5, what is 21333123 - 11?
21333112
In base 3, what is 2 + 211021220121?
211021220200
In base 11, what is 34 - -4280?
4304
In base 16, what is -9 - 1ea97?
-1eaa0
In base 11, what is 6 + -212085?
-21207a
In base 11, what is 655 - 14?
641
In base 6, what is 23015501 - 2?
23015455
In base 10, what is -1 + -8518?
-8519
In base 12, what is -146 + 35a9?
3463
In base 7, what is 14143 - 134?
14006
In base 6, what is -15520053 - -4?
-15520045
In base 16, what is 0 + -253?
-253
In base 7, what is 162 + 1613?
2105
In base 15, what is -1 + -8585?
-8586
In base 3, what is 12 - 1001202200112?
-1001202200100
In base 6, what is 13331 - -2?
13333
In base 14, what is 620 - 2?
61c
In base 7, what is 116623 + -2?
116621
In base 9, what is 3 + 381558?
381562
In base 9, what is -2387 - -7?
-2380
In base 14, what is b04 + -5?
add
In base 3, what is -21002121002 - -2?
-21002121000
In base 5, what is 0 - 110004?
-110004
In base 9, what is 43776 + 75?
43862
In base 5, what is 1213 + 11302?
13020
In base 16, what is 623 - -7?
62a
In base 15, what is a58 - 35?
a23
In base 8, what is 3 + -6776474?
-6776471
In base 6, what is 1053 + 132245?
133342
In base 12, what is -54 + -2a9?
-341
In base 16, what is -1fa - ee?
-2e8
In base 13, what is -21 - -52756?
52735
In base 7, what is -1531 - -135?
-1363
In base 13, what is -11364 + -a?
-11371
In base 6, what is 12 - 33340?
-33324
In base 2, what is -11 + 101000110100010101?
101000110100010010
In base 10, what is -39819 + -14?
-39833
In base 3, what is 110022001201 - 0?
110022001201
In base 9, what is 107187 + -3?
107184
In base 13, what is -54 + 27190?
27139
In base 12, what is 1 - 293?
-292
In base 15, what is 1 + 1210?
1211
In base 4, what is 10032 - 231?
3201
In base 8, what is -334 - -421?
65
In base 11, what is -226 + -56?
-281
In base 6, what is -4325 + 411?
-3514
In base 14, what is 77 + -1b1?
-138
In base 16, what is 2d4 + -b7?
21d
In base 11, what is 1086 - 8?
1079
In base 14, what is -a38 + 6?
-a32
In base 2, what is 10 + 10101110011?
10101110101
In base 9, what is 30426 + 1?
30427
In base 15, what is 63604 - 3?
63601
In base 7, what is 0 - 412041?
-412041
In base 15, what is a35 - -1b?
a51
In base 11, what is 3321a + -3?
33217
In base 2, what is 11101000111 - -10111111?
100000000110
In base 15, what is -51c - -727?
20a
In base 3, what is 2022001211 - -1102?
2022010020
In base 3, what is 1111 + 111222?
120110
In base 8, what is -307 + -7?
-316
In base 2, what is 100110 - -1011111101?
1100100011
In base 14, what is -1a7615 - 4?
-1a7619
In base 2, what is 11011111101 + -1001100?
11010110001
In base 14, what is 0 + 217603?
217603
In base 16, what is a5 - -d?
b2
In base 10, what is 10 + 208593?
208603
In base 15, what is -109a2 + -2?
-109a4
In base 5, what is -202012 - -22?
-201440
In base 16, what is -3a8 + 9b?
-30d
In base 4, what is -223222010 + 2?
-223222002
In base 16, what is -10 + 1543?
1533
In base 16, what is -11 - -36f92?
36f81
In base 8, what is 362 - 4232?
-3650
In base 16, what is -2 - 252d?
-252f
In base 2, what is 101000101001 + -100000101?
100100100100
In base 10, what is 11625 + 5?
11630
In base 11, what is 122 + 13367?
13489
In base 14, what is -2ba + 3046?
2b6a
In base 10, what is 0 - -142369?
142369
In base 15, what is e4a + 38?
e83
In base 15, what is -18b724 + -1?
-18b725
In base 14, what is -708c - 9?
-7097
In base 14, what is 29 - -5a98?
5ac3
In base 2, what is 11110011 - 10010011100?
-1110101001
In base 8, what is 30201 + 6?
30207
In base 16, what is 1 + 2236?
2237
In base 13, what is -11b1 + 37?
-1177
In base 3, what is -11 - 201101222?
-201102010
In base 8, what is 244 + -21357?
-21113
In base 4, what is -3020000 - -103?
-3013231
In base 15, what is -3 + c65?
c62
In base 16, what is -6 + aa1?
a9b
In base 15, what is -e91 - -28c?
-c04
In base 6, what is 0 + 110200?
110200
In base 5, what is -3002 - 340?
-3342
In base 6, what is 1041 + 1055?
2140
In base 16, what is f + -d8bf?
-d8b0
In base 9, what is 28 + 25561?
25600
In base 8, what is -1 + -317472?
-317473
In base 16, what is 5 + -5da12?
-5da0d
In base 14, what is -2 - 78db4?
-78db6
In base 16, what is 2f + -e0?
-b1
In base 5, what is -14112430 + -12?
-14112442
In base 8, what is 2 + 247410?
247412
In base 7, what is 4 - -1333?
1340
In base 8, what is 37 + 6370?
6427
In base 4, what is -200 - 233312?
-300112
In base 8, what is 305 - -1012?
1317
In base 4, what is -12020013030 + -11?
-12020013101
In base 15, what is -46 + -1d6?
-22c
In base 13, what is 7a879 + -5?
7a874
In base 6, what is 0 + 54142411?
54142411
In base 7, what is 2 + 2256?
2261
In base 10, what is 742369 + -2?
742367
In base 16, what is -2ea + -1888?
-1b72
In base 11, what is -88803 + 4?
-887aa
In base 4, what is 131 - -30110?
30301
In base 14, what is -10 - -5b98?
5b88
In base 12, what is -a238b - 5?
-a2394
In base 2, what is -11111100101101001110 + -11?
-11111100101101010001
In base 5, what is 420 - -3?
423
In base 16, what is -6 - f48e?
-f494
In base 3, what is 12022221 - -120?
12100111
In base 16, what is -5 - -2286f?
2286a
In base 13, what is -2819 + 8?
-2811
In base 12, what is 1b - 2675?
-2656
In base 6, what is 30350422 + 2?
30350424
In base 14, what is -1125 - -a?
-1119
In base 12, what is -22b3 + -16?
-2309
In base 15, what is -31e6 + -15?
-320b
In base 4, what is -3121202 - -20?
-3121122
In base 6, what is -145435 + -13?
-145452
In base 8, what is 4 - 561636?
-561632
In base 2, what is -11 + -101111001110110010?
-101111001110110101
In base 6, what is 221424 + -12?
221412
In base 12, what is -a4 + 38b?
2a7
In base 12, what is 47754 + 4?
47758
In base 7, what is 4 - -104353?
104360
In base 7, what is 1342 + 13654?
15326
In base 9, what is 525 - -4808?
5434
In base 16, what is -1accda - 3?
-1accdd
In base 8, what is 14 - -2173?
2207
In base 9, what is -450 + 14811?
14351
In base 6, what is 32025530 - -5?
32025535
In base 2, what is 11000 - 10010011011001?
-10010011000001
In base 3, what is 12 + 1012021011?
1012021100
In base 12, what is -156 - 70?
-206
In base 11, what is -4039 - 16?
-4054
In base 14, what is 0 + -10a0?
-10a0
In base 4, what is -302 + -321310?
-322212
In base 7, what is 36 + 2233?
2302
In base 11, what is -2 - -25230?
25229
In base 8, what is -3 - 130205?
-130210
In base 5, what is 12330203 + -111?
12330042
In base 8, what is 553 + -1412?
-637
In base 8, what is 1751 - 4?
1745
In base 5, what is -423 - 203000?
-203423
In base 3, what is 0 + -120002021?
-120002021
In base 12, what is -10541 + 5?
-10538
In base 5, what is -4024 + 120?
-3404
In base 12, what is 5495 + -6?
548b
In base 11, what is -2 - -41080?
41079
In base 8, what is 577003 + 2?
577005
In base 16, what is -e8663 + -5?
-e8668
In base 15, what is 2 + 5279?
527b
In base 6, what is 102543220 + -4?
102543212
In base 12, what is -7 - 177a4?
-177ab
In base 4, what is 3222030 + -2?
3222022
In base 15, what is 126206 + -6?
126200
In base 7, w